{"id":26,"date":"2014-05-01T02:00:58","date_gmt":"2014-05-01T02:00:58","guid":{"rendered":"http:\/\/3dsym.unizar.es\/?page_id=26"},"modified":"2022-10-02T08:53:14","modified_gmt":"2022-10-02T08:53:14","slug":"contacto","status":"publish","type":"page","link":"http:\/\/3dsym.unizar.es\/?page_id=26","title":{"rendered":"Contacto"},"content":{"rendered":"<blockquote>\n<p style=\"text-align: justify;\">Nuestro objetivo es divulgar la Cristalograf\u00eda y la Mineralog\u00eda y generar recursos a utilizar en Aulas de Desarrollo de Capacidades<\/p>\n<p style=\"text-align: justify;\">\n<\/blockquote>\n<p style=\"text-align: justify;\"><strong>Ester Mateo Gonz\u00e1lez <\/strong>es Profesora del Departamento de Did\u00e1ctica de las Ciencias Experimentales de la Universidad de Zaragoza y Doctora en Geolog\u00eda especializada en Cristalograf\u00eda y crecimiento cristalino.\u00a0 emateog@unizar.es<\/p>\n<p style=\"text-align: justify;\"><strong>Mar\u00eda Jos\u00e9 Mayayo Burillo <\/strong>es Profesora del Departamento de Ciencias de la Tierra, de la Universidad de Zaragoza. Doctora en Geolog\u00eda y especializada en Mineralog\u00eda.\u00a0 mayayo@unizar.es<\/p>\n<p style=\"text-align: justify;\"><strong>Felipe Barbed Ferreiro<\/strong> es T\u00e9cnico Especialista en el Servicio de Preparaci\u00f3n de Rocas y Materiales Duros, Escaneado e Impresi\u00f3n 3D de la Universidad de Zaragoza, ha llevado a cabo el modelado tridimensional de las figuras contenidas en el juego, las ha impreso en una impresora 3D de fabricaci\u00f3n propia y ha realizado las animaciones contenidas en el CD de soluciones. Tambi\u00e9n es el administrador de esta p\u00e1gina Web.\u00a0 fbarbed@unizar.es<\/p>\n<p style=\"text-align: justify;\"><strong>Informaci\u00f3n<\/strong><br \/>\nImpartimos talleres de simetr\u00eda con 3DSYM en Zaragoza y localidades pr\u00f3ximas a grupos peque\u00f1os (8 o 12 ni\u00f1os).<br \/>\n3DSYM se distribuye a un precio de 130 euros (IVA no incluido) m\u00e1s gastos de env\u00edo. Se elabora bajo pedido. Las dimensiones de la caja son 17x21x22 cm. Para adquirir 3DSYM\u00a0 o cualquier aclaraci\u00f3n p\u00f3ngase en contacto con los autores.<\/p>\n<p style=\"text-align: justify;\"><strong>Contacto<\/strong>: 3dsym@unizar.es.<\/p>\n<p>\u00a9 Mayayo &#8211; Mateo &#8211; Barbed y Universidad de Zaragoza 2013<\/p>\n","protected":false},"excerpt":{"rendered":"<p>Nuestro objetivo es divulgar la Cristalograf\u00eda y la Mineralog\u00eda y generar recursos a utilizar en Aulas de Desarrollo de Capacidades Ester Mateo Gonz\u00e1lez es Profesora del Departamento de Did\u00e1ctica de las Ciencias Experimentales de la Universidad de Zaragoza y Doctora &hellip; <a href=\"http:\/\/3dsym.unizar.es\/?page_id=26\">Continue reading <span class=\"meta-nav\">&rarr;<\/span><\/a><\/p>\n","protected":false},"author":1,"featured_media":0,"parent":0,"menu_order":5,"comment_status":"open","ping_status":"open","template":"","meta":[],"_links":{"self":[{"href":"http:\/\/3dsym.unizar.es\/index.php?rest_route=\/wp\/v2\/pages\/26"}],"collection":[{"href":"http:\/\/3dsym.unizar.es\/index.php?rest_route=\/wp\/v2\/pages"}],"about":[{"href":"http:\/\/3dsym.unizar.es\/index.php?rest_route=\/wp\/v2\/types\/page"}],"author":[{"embeddable":true,"href":"http:\/\/3dsym.unizar.es\/index.php?rest_route=\/wp\/v2\/users\/1"}],"replies":[{"embeddable":true,"href":"http:\/\/3dsym.unizar.es\/index.php?rest_route=%2Fwp%2Fv2%2Fcomments&post=26"}],"version-history":[{"count":14,"href":"http:\/\/3dsym.unizar.es\/index.php?rest_route=\/wp\/v2\/pages\/26\/revisions"}],"predecessor-version":[{"id":197,"href":"http:\/\/3dsym.unizar.es\/index.php?rest_route=\/wp\/v2\/pages\/26\/revisions\/197"}],"wp:attachment":[{"href":"http:\/\/3dsym.unizar.es\/index.php?rest_route=%2Fwp%2Fv2%2Fmedia&parent=26"}],"curies":[{"name":"wp","href":"https:\/\/api.w.org\/{rel}","templated":true}]}}